{"id":117,"date":"2023-01-31T17:02:34","date_gmt":"2023-01-31T17:02:34","guid":{"rendered":"https:\/\/rheconcept.net\/?page_id=117"},"modified":"2023-09-06T09:26:18","modified_gmt":"2023-09-06T09:26:18","slug":"technologie","status":"publish","type":"page","link":"https:\/\/rheconcept.net\/index.php\/technologie\/","title":{"rendered":"Technologie"},"content":{"rendered":"\n<p class=\"has-white-color has-vivid-purple-background-color has-text-color has-background has-medium-font-size\">Nous offrons deux variantes de technologie solaire. La traditionnelle qui comporte de nombreuses carences. Pour rem\u00e9dier \u00e0 ces d\u00e9fauts nous avons d\u00e9velopp\u00e9 la technologie Gen 5. La principale caract\u00e9ristique est un rendement de 45% sup\u00e9rieur. Celle-ci ne n\u00e9cessite pas de n\u00e9ttoyage couteux et fastidieux. Aussi pour \u00e9conomiser la terre cultivable, elle offre aussi une integration de niveau 5.<\/p>\n\n\n\n<h2 class=\"wp-block-heading has-black-color has-white-background-color has-text-color has-background has-medium-font-size\" style=\"font-style:normal;font-weight:400\">Avantages de la Gen 5 :<\/h2>\n\n\n\n<p class=\"has-white-color has-vivid-purple-background-color has-text-color has-background has-medium-font-size\">La G\u00e9ns\u00e9ration 5 apporte un lot de performances et de topologies plus productives. Alors que la technology traditionnelle offre une topologie unique pour l&#8217;ensembles des applications.  Ainsi un projet solaire en technologie de G\u00e9n\u00e9ration 5, n&#8217;a aucune contrainte d&#8217;orientation et va g\u00e9n\u00e9rer plus d&#8217;\u00e9nergie ou d&#8217;eau. Alors que dans le cas de la technologie traditionnelle integr\u00e9e en to\u00eeture, la prodcution d&#8217;\u00e9nergie varie d&#8217;un \u00e9difice \u00e0 un autre. Par cons\u00e9quent \u00e0 la place d&#8217;un produit commun en Gen5, nous avons un grand nombres de solutions sp\u00e9cifiques en technologie traditionnelle. Cette contrainte emp\u00eache la stantardisation et la r\u00e9duction de co\u00fbt.<\/p>\n\n\n\n<h2 class=\"wp-block-heading has-black-color has-white-background-color has-text-color has-background has-medium-font-size\" style=\"font-style:normal;font-weight:400\">Topologies en Technologie Gen5:<\/h2>\n\n\n\n<p class=\"has-white-color has-vivid-purple-background-color has-text-color has-background has-medium-font-size\">H\u00e9las, pour des raison de confidentialit\u00e9, nous ne faisons pas la promotion de cette g\u00e9n\u00e9ration comme d&#8217;habitude. Parceque de nombreux pays ne respectent pas la propri\u00e9t\u00e9 intellectuelle. Nous avons plus peur de l&#8217;effet d&#8217;annonce que la copie de cette solution qui n\u00e9cessite de nombreuses ann\u00e9es de d\u00e9veloppement. En quelque sorte certains mal intentionn\u00e9s risquent d&#8217;annoncer qu&#8217;ils ont cette technologie \u00e0 un prix plus bas. Avec cette m\u00e9thode ils s\u00e8meront simplement le doute chez la client\u00e8le. Nous avons connue cette pratique depuis 2000. Par contre, nous sommes toujours fiers de pr\u00e9senter notre solution technologique aux clients pr\u00eats \u00e0 investir et qui cherchent \u00e0 rentabiliser leurs projets actuels et futures.<\/p>\n\n\n\n<p class=\"has-black-color has-white-background-color has-text-color has-background has-medium-font-size\">Produits existants en G\u00e9neration 5<\/p>\n\n\n\n<p class=\"has-white-color has-vivid-purple-background-color has-text-color has-background has-medium-font-size\">Toutes nos  solutions solaires existent en technologie de Gen 5 et standard. Contrairement \u00e0 la traditionnelle, la Gen5 permet une r\u00e9duction de l&#8217;espace d&#8217;installation. Pour les sites poussiereux, la Gen5 est parfaite car elle ne demande pas de nettoyage \u00e0 vie.<\/p>\n\n\n\n<div class=\"wp-block-buttons is-content-justification-center is-layout-flex wp-container-core-buttons-is-layout-1 wp-block-buttons-is-layout-flex\">\n<div class=\"wp-block-button has-custom-width wp-block-button__width-25\"><a class=\"wp-block-button__link wp-element-button\" href=\"https:\/\/youtu.be\/k20_-csl5zM\" target=\"_blank\" rel=\"noreferrer noopener\">Vid\u00e9os<\/a><\/div>\n\n\n\n<div class=\"wp-block-button has-custom-width wp-block-button__width-25\"><a class=\"wp-block-button__link wp-element-button\" href=\"www.rheconcept.net\/technologie\" target=\"_blank\" rel=\"noreferrer noopener\">Rafraichir<\/a><\/div>\n<\/div>\n\n\n\n<p><\/p>\n\n\n\n<p><\/p>\n","protected":false},"excerpt":{"rendered":"<p>Nous offrons deux variantes de technologie solaire. La traditionnelle qui comporte de nombreuses carences. Pour rem\u00e9dier \u00e0 ces d\u00e9fauts nous avons d\u00e9velopp\u00e9 la technologie Gen 5. La principale caract\u00e9ristique est un rendement de 45% sup\u00e9rieur. Celle-ci ne n\u00e9cessite pas de n\u00e9ttoyage couteux et fastidieux. Aussi pour \u00e9conomiser la terre cultivable,&hellip;<a href=\"https:\/\/rheconcept.net\/index.php\/technologie\/\" class=\"more-link\"><span class=\"more-button\">Lisez plus<span class=\"screen-reader-text\">Technologie<\/span><\/span><\/a><\/p>\n","protected":false},"author":1,"featured_media":947,"parent":0,"menu_order":0,"comment_status":"open","ping_status":"closed","template":"","meta":{"_pvb_checkbox_block_on_post":false,"footnotes":""},"class_list":["post-117","page","type-page","status-publish","has-post-thumbnail","hentry"],"yoast_head":"<!-- This site is optimized with the Yoast SEO Premium plugin v23.1 (Yoast SEO v23.1) - https:\/\/yoast.com\/wordpress\/plugins\/seo\/ -->\n<title>technologie - www.rheconcept.ne<\/title>\n<meta name=\"description\" content=\"Nous avons d\u00e9velopp\u00e9 la technologie solaire Gen5 pour pallier aux multiples carences de la version standard adopt\u00e9e par tous.\" \/>\n<meta name=\"robots\" content=\"index, follow, max-snippet:-1, max-image-preview:large, max-video-preview:-1\" \/>\n<link rel=\"canonical\" href=\"https:\/\/rheconcept.net\/index.php\/technologie\/\" \/>\n<meta property=\"og:locale\" content=\"en_US\" \/>\n<meta property=\"og:type\" content=\"article\" \/>\n<meta property=\"og:title\" content=\"Technologie\" \/>\n<meta property=\"og:description\" content=\"Nous avons d\u00e9velopp\u00e9 la technologie solaire Gen5 pour pallier aux multiples carences de la version standard adopt\u00e9e par tous.\" \/>\n<meta property=\"og:url\" content=\"https:\/\/rheconcept.net\/index.php\/technologie\/\" \/>\n<meta property=\"og:site_name\" content=\"Vos solutions solaires efficaces\" \/>\n<meta property=\"article:modified_time\" content=\"2023-09-06T09:26:18+00:00\" \/>\n<meta property=\"og:image\" content=\"https:\/\/rheconcept.net\/wp-content\/uploads\/2023\/09\/Plaquette-Generale-Francaise-1.jpg\" \/>\n\t<meta property=\"og:image:width\" content=\"960\" \/>\n\t<meta property=\"og:image:height\" content=\"540\" \/>\n\t<meta property=\"og:image:type\" content=\"image\/jpeg\" \/>\n<meta name=\"twitter:card\" content=\"summary_large_image\" \/>\n<meta name=\"twitter:label1\" content=\"Est. reading time\" \/>\n\t<meta name=\"twitter:data1\" content=\"2 minutes\" \/>\n<script type=\"application\/ld+json\" class=\"yoast-schema-graph\">{\"@context\":\"https:\/\/schema.org\",\"@graph\":[{\"@type\":\"WebPage\",\"@id\":\"https:\/\/rheconcept.net\/index.php\/technologie\/\",\"url\":\"https:\/\/rheconcept.net\/index.php\/technologie\/\",\"name\":\"technologie - www.rheconcept.ne\",\"isPartOf\":{\"@id\":\"https:\/\/rheconcept.net\/#website\"},\"primaryImageOfPage\":{\"@id\":\"https:\/\/rheconcept.net\/index.php\/technologie\/#primaryimage\"},\"image\":{\"@id\":\"https:\/\/rheconcept.net\/index.php\/technologie\/#primaryimage\"},\"thumbnailUrl\":\"https:\/\/rheconcept.net\/wp-content\/uploads\/2023\/09\/Plaquette-Generale-Francaise-1.jpg\",\"datePublished\":\"2023-01-31T17:02:34+00:00\",\"dateModified\":\"2023-09-06T09:26:18+00:00\",\"description\":\"Nous avons d\u00e9velopp\u00e9 la technologie solaire Gen5 pour pallier aux multiples carences de la version standard adopt\u00e9e par tous.\",\"breadcrumb\":{\"@id\":\"https:\/\/rheconcept.net\/index.php\/technologie\/#breadcrumb\"},\"inLanguage\":\"en-US\",\"potentialAction\":[{\"@type\":\"ReadAction\",\"target\":[\"https:\/\/rheconcept.net\/index.php\/technologie\/\"]}]},{\"@type\":\"ImageObject\",\"inLanguage\":\"en-US\",\"@id\":\"https:\/\/rheconcept.net\/index.php\/technologie\/#primaryimage\",\"url\":\"https:\/\/rheconcept.net\/wp-content\/uploads\/2023\/09\/Plaquette-Generale-Francaise-1.jpg\",\"contentUrl\":\"https:\/\/rheconcept.net\/wp-content\/uploads\/2023\/09\/Plaquette-Generale-Francaise-1.jpg\",\"width\":960,\"height\":540,\"caption\":\"notre catalogue solutions soalires\"},{\"@type\":\"BreadcrumbList\",\"@id\":\"https:\/\/rheconcept.net\/index.php\/technologie\/#breadcrumb\",\"itemListElement\":[{\"@type\":\"ListItem\",\"position\":1,\"name\":\"Home\",\"item\":\"https:\/\/rheconcept.net\/\"},{\"@type\":\"ListItem\",\"position\":2,\"name\":\"Technologie\"}]},{\"@type\":\"WebSite\",\"@id\":\"https:\/\/rheconcept.net\/#website\",\"url\":\"https:\/\/rheconcept.net\/\",\"name\":\"Vos solutions solaires efficaces\",\"description\":\"www.rheconcept.net \",\"publisher\":{\"@id\":\"https:\/\/rheconcept.net\/#organization\"},\"potentialAction\":[{\"@type\":\"SearchAction\",\"target\":{\"@type\":\"EntryPoint\",\"urlTemplate\":\"https:\/\/rheconcept.net\/?s={search_term_string}\"},\"query-input\":\"required name=search_term_string\"}],\"inLanguage\":\"en-US\"},{\"@type\":\"Organization\",\"@id\":\"https:\/\/rheconcept.net\/#organization\",\"name\":\"Vos solutions solaires efficaces\",\"url\":\"https:\/\/rheconcept.net\/\",\"logo\":{\"@type\":\"ImageObject\",\"inLanguage\":\"en-US\",\"@id\":\"https:\/\/rheconcept.net\/#\/schema\/logo\/image\/\",\"url\":\"https:\/\/rheconcept.net\/wp-content\/uploads\/2023\/01\/Logo-2023-e1675518705647.png\",\"contentUrl\":\"https:\/\/rheconcept.net\/wp-content\/uploads\/2023\/01\/Logo-2023-e1675518705647.png\",\"width\":65,\"height\":67,\"caption\":\"Vos solutions solaires efficaces\"},\"image\":{\"@id\":\"https:\/\/rheconcept.net\/#\/schema\/logo\/image\/\"},\"sameAs\":[\"https:\/\/www.youtube.com\"]}]}<\/script>\n<!-- \/ Yoast SEO Premium plugin. -->","yoast_head_json":{"title":"technologie - www.rheconcept.ne","description":"Nous avons d\u00e9velopp\u00e9 la technologie solaire Gen5 pour pallier aux multiples carences de la version standard adopt\u00e9e par tous.","robots":{"index":"index","follow":"follow","max-snippet":"max-snippet:-1","max-image-preview":"max-image-preview:large","max-video-preview":"max-video-preview:-1"},"canonical":"https:\/\/rheconcept.net\/index.php\/technologie\/","og_locale":"en_US","og_type":"article","og_title":"Technologie","og_description":"Nous avons d\u00e9velopp\u00e9 la technologie solaire Gen5 pour pallier aux multiples carences de la version standard adopt\u00e9e par tous.","og_url":"https:\/\/rheconcept.net\/index.php\/technologie\/","og_site_name":"Vos solutions solaires efficaces","article_modified_time":"2023-09-06T09:26:18+00:00","og_image":[{"width":960,"height":540,"url":"https:\/\/rheconcept.net\/wp-content\/uploads\/2023\/09\/Plaquette-Generale-Francaise-1.jpg","type":"image\/jpeg"}],"twitter_card":"summary_large_image","twitter_misc":{"Est. reading time":"2 minutes"},"schema":{"@context":"https:\/\/schema.org","@graph":[{"@type":"WebPage","@id":"https:\/\/rheconcept.net\/index.php\/technologie\/","url":"https:\/\/rheconcept.net\/index.php\/technologie\/","name":"technologie - www.rheconcept.ne","isPartOf":{"@id":"https:\/\/rheconcept.net\/#website"},"primaryImageOfPage":{"@id":"https:\/\/rheconcept.net\/index.php\/technologie\/#primaryimage"},"image":{"@id":"https:\/\/rheconcept.net\/index.php\/technologie\/#primaryimage"},"thumbnailUrl":"https:\/\/rheconcept.net\/wp-content\/uploads\/2023\/09\/Plaquette-Generale-Francaise-1.jpg","datePublished":"2023-01-31T17:02:34+00:00","dateModified":"2023-09-06T09:26:18+00:00","description":"Nous avons d\u00e9velopp\u00e9 la technologie solaire Gen5 pour pallier aux multiples carences de la version standard adopt\u00e9e par tous.","breadcrumb":{"@id":"https:\/\/rheconcept.net\/index.php\/technologie\/#breadcrumb"},"inLanguage":"en-US","potentialAction":[{"@type":"ReadAction","target":["https:\/\/rheconcept.net\/index.php\/technologie\/"]}]},{"@type":"ImageObject","inLanguage":"en-US","@id":"https:\/\/rheconcept.net\/index.php\/technologie\/#primaryimage","url":"https:\/\/rheconcept.net\/wp-content\/uploads\/2023\/09\/Plaquette-Generale-Francaise-1.jpg","contentUrl":"https:\/\/rheconcept.net\/wp-content\/uploads\/2023\/09\/Plaquette-Generale-Francaise-1.jpg","width":960,"height":540,"caption":"notre catalogue solutions soalires"},{"@type":"BreadcrumbList","@id":"https:\/\/rheconcept.net\/index.php\/technologie\/#breadcrumb","itemListElement":[{"@type":"ListItem","position":1,"name":"Home","item":"https:\/\/rheconcept.net\/"},{"@type":"ListItem","position":2,"name":"Technologie"}]},{"@type":"WebSite","@id":"https:\/\/rheconcept.net\/#website","url":"https:\/\/rheconcept.net\/","name":"Vos solutions solaires efficaces","description":"www.rheconcept.net ","publisher":{"@id":"https:\/\/rheconcept.net\/#organization"},"potentialAction":[{"@type":"SearchAction","target":{"@type":"EntryPoint","urlTemplate":"https:\/\/rheconcept.net\/?s={search_term_string}"},"query-input":"required name=search_term_string"}],"inLanguage":"en-US"},{"@type":"Organization","@id":"https:\/\/rheconcept.net\/#organization","name":"Vos solutions solaires efficaces","url":"https:\/\/rheconcept.net\/","logo":{"@type":"ImageObject","inLanguage":"en-US","@id":"https:\/\/rheconcept.net\/#\/schema\/logo\/image\/","url":"https:\/\/rheconcept.net\/wp-content\/uploads\/2023\/01\/Logo-2023-e1675518705647.png","contentUrl":"https:\/\/rheconcept.net\/wp-content\/uploads\/2023\/01\/Logo-2023-e1675518705647.png","width":65,"height":67,"caption":"Vos solutions solaires efficaces"},"image":{"@id":"https:\/\/rheconcept.net\/#\/schema\/logo\/image\/"},"sameAs":["https:\/\/www.youtube.com"]}]}},"_links":{"self":[{"href":"https:\/\/rheconcept.net\/index.php\/wp-json\/wp\/v2\/pages\/117"}],"collection":[{"href":"https:\/\/rheconcept.net\/index.php\/wp-json\/wp\/v2\/pages"}],"about":[{"href":"https:\/\/rheconcept.net\/index.php\/wp-json\/wp\/v2\/types\/page"}],"author":[{"embeddable":true,"href":"https:\/\/rheconcept.net\/index.php\/wp-json\/wp\/v2\/users\/1"}],"replies":[{"embeddable":true,"href":"https:\/\/rheconcept.net\/index.php\/wp-json\/wp\/v2\/comments?post=117"}],"version-history":[{"count":26,"href":"https:\/\/rheconcept.net\/index.php\/wp-json\/wp\/v2\/pages\/117\/revisions"}],"predecessor-version":[{"id":957,"href":"https:\/\/rheconcept.net\/index.php\/wp-json\/wp\/v2\/pages\/117\/revisions\/957"}],"wp:featuredmedia":[{"embeddable":true,"href":"https:\/\/rheconcept.net\/index.php\/wp-json\/wp\/v2\/media\/947"}],"wp:attachment":[{"href":"https:\/\/rheconcept.net\/index.php\/wp-json\/wp\/v2\/media?parent=117"}],"curies":[{"name":"wp","href":"https:\/\/api.w.org\/{rel}","templated":true}]}}