{"id":272,"date":"2023-02-02T10:26:57","date_gmt":"2023-02-02T10:26:57","guid":{"rendered":"https:\/\/rheconcept.net\/?page_id=272"},"modified":"2023-08-23T11:24:27","modified_gmt":"2023-08-23T11:24:27","slug":"panneaux","status":"publish","type":"page","link":"https:\/\/rheconcept.net\/index.php\/panneaux\/","title":{"rendered":"Panneaux"},"content":{"rendered":"\n<p class=\"has-white-color has-vivid-purple-background-color has-text-color has-background has-medium-font-size\">Nous fournissons deux types de panneaux solaires. Les couches minces pour les tuiles solaires et le polychristalin. La surface de panneaux ne d\u00e9passe pas 2m2.  Sinon il casserait \u00e0 l&#8217;installation. Par ailleurs les doubles faces ne pr\u00e9sentent pas un inter\u00eat appr\u00e9ciable. Car une seule face travaille \u00e0 la fois. Alors mieux vaut utiliser deux \u00e9l\u00e9ments pos\u00e9s c\u00f4te \u00e0 c\u00f4te et produire plus d&#8217;\u00e9nergie pour le m\u00eame prix. Les panneaux solaires de technologie traditionnelle ont les m\u00eames caract\u00e9ristiques chez tous les fournisseurs. L&#8217;unique changement est dans la qualit\u00e9 de la fabrication.<\/p>\n\n\n\n<h2 class=\"wp-block-heading has-black-color has-white-background-color has-text-color has-background has-medium-font-size\" style=\"font-style:normal;font-weight:400\">Types de panneaux<\/h2>\n\n\n\n<p class=\"has-white-color has-vivid-purple-background-color has-text-color has-background has-medium-font-size\">Nous offrons trois types de technologie. L&#8217;une est en technologie couches minces. L&#8217;autre est en polycristallin et une autre en Gen5. Les couches minces fonctionnent bien avec la lumi\u00e8re diffuse et r\u00e9flechie. Le polycristallin fonctionne uniquement avec les photos incidents directs. Les couches minces sont pour les petites puissances comme les tuiles solaires et les kits d&#8217;\u00e9clairage. Par contre le polycristallin est recommand\u00e9 pour les puissances plus fortes. La tension de cellule du polycristallin est faible et le courant grand. Par contre les couches minces offrent une tension de cellule proportionnelle \u00e0 la dimension lat\u00e9rale. Le courant d\u00e9pend de l&#8217;autre dimension. <\/p>\n\n\n\n<h2 class=\"wp-block-heading has-black-color has-white-background-color has-text-color has-background has-medium-font-size\" style=\"font-style:normal;font-weight:400\">Trackers mecaniques:<\/h2>\n\n\n\n<p class=\"has-white-color has-vivid-purple-background-color has-text-color has-background has-medium-font-size\">On ne peut pas construire une solution solaire sans panneaux. Mais celui-ci sans onduleur ne sert \u00e0 rien. Mont\u00e9s sur un traqueur m\u00e9canique, les panneaux ne produisent pas plus d&#8217;\u00e9nergie. Une grosse confusion est faite avec les traqueurs \u00e0 miroirs. Quand on monte des panneaux solaires sur un traqueur m\u00e9canique, il faut prendre en compte que le traqueur tourne d&#8217;est \u00e0 l&#8217;ouest. Le soir quand la nuit tombe il faut ramener le traqueur \u00e0 son origine. Alors dans le meilleur des cas, l&#8217;\u00e9nergie gagn\u00e9e par une meilleure exposition est perdue pour ramener le traqueur \u00e0 son point de d\u00e9part. Du point de vue industriel, \u00e0 l&#8217;\u00e9quateur par exemple, le soleil va au zenith rapidement. Alors il suffit de poser les panneaux horizontalement. Les gains d&#8217;exposition sont insignifiants. Aussi, les traqueurs demandent un entretien li\u00e9 aux intemperies.<\/p>\n\n\n\n<h2 class=\"wp-block-heading has-black-color has-white-background-color has-text-color has-background has-medium-font-size\" style=\"font-style:normal;font-weight:400\">         Panneaux solaires intelligents:<\/h2>\n\n\n\n<p class=\"has-white-color has-vivid-purple-background-color has-text-color has-background has-medium-font-size\">Nous offrons aussi des panneaux solaires intelligents en 100W, 150W, 200W, 250W et 300W. Ces panneaux sont autonomes et permettent de d\u00e9livrer du 12V ou 230V. Avec ces panneaux vous pouver alimenter votre \u00e9clairage en 12V ou 230V. Vous pouvez aussi alimenter un appareil domestique gratuitement.<\/p>\n\n\n\n<h2 class=\"wp-block-heading has-black-color has-white-background-color has-text-color has-background has-medium-font-size\" style=\"font-style:normal;font-weight:400\">Solution RHE :<\/h2>\n\n\n\n<p class=\"has-white-color has-vivid-purple-background-color has-text-color has-background has-medium-font-size\">Nos champs solaires sont fixes et orient\u00e9s plein sud. Un artifice logiciel permet d&#8217;optimiser la production. Comme notre technologie est au fil du soleil, alors le temps de fonctionnement par jour est sup\u00e9rieur et nos onduleurs sont efficaces. Ces avantages nous permettent d&#8217;offrir des solutions avec un excellent rapport Energie\/prix.<\/p>\n\n\n\n<div class=\"wp-block-buttons is-content-justification-center is-layout-flex wp-container-core-buttons-is-layout-1 wp-block-buttons-is-layout-flex\">\n<div class=\"wp-block-button has-custom-width wp-block-button__width-25 has-custom-font-size has-medium-font-size\"><a class=\"wp-block-button__link wp-element-button\" href=\"https:\/\/youtu.be\/_omXoXEtyYk\" target=\"_blank\" rel=\"noreferrer noopener\">vid\u00e9os<\/a><\/div>\n\n\n\n<div class=\"wp-block-button has-custom-width wp-block-button__width-25 has-custom-font-size has-medium-font-size\"><a class=\"wp-block-button__link wp-element-button\" href=\"www.rheconcept.net\/panneaux\" target=\"_blank\" rel=\"noreferrer noopener\">rafraichir<\/a><\/div>\n\n\n\n<div class=\"wp-block-button has-custom-width wp-block-button__width-50 has-custom-font-size has-medium-font-size\"><a class=\"wp-block-button__link wp-element-button\" href=\"https:\/\/youtu.be\/FPeaJdAj738\" target=\"_blank\" rel=\"noreferrer noopener\">Panneaux Intelligents<\/a><\/div>\n<\/div>\n\n\n\n<p><\/p>\n","protected":false},"excerpt":{"rendered":"<p>Nous fournissons deux types de panneaux solaires. Les couches minces pour les tuiles solaires et le polychristalin. La surface de panneaux ne d\u00e9passe pas 2m2. Sinon il casserait \u00e0 l&#8217;installation. Par ailleurs les doubles faces ne pr\u00e9sentent pas un inter\u00eat appr\u00e9ciable. Car une seule face travaille \u00e0 la fois. Alors&hellip;<a href=\"https:\/\/rheconcept.net\/index.php\/panneaux\/\" class=\"more-link\"><span class=\"more-button\">Lisez plus<span class=\"screen-reader-text\">Panneaux<\/span><\/span><\/a><\/p>\n","protected":false},"author":1,"featured_media":433,"parent":0,"menu_order":0,"comment_status":"closed","ping_status":"closed","template":"","meta":{"_pvb_checkbox_block_on_post":false,"footnotes":""},"class_list":["post-272","page","type-page","status-publish","has-post-thumbnail","hentry"],"yoast_head":"<!-- This site is optimized with the Yoast SEO Premium plugin v23.1 (Yoast SEO v23.1) - https:\/\/yoast.com\/wordpress\/plugins\/seo\/ -->\n<title>Panneaux - Vos solutions solaires efficaces<\/title>\n<meta name=\"description\" content=\"Nous fournissons des panneaux solaires en deux technologies. Les couches minces pour petites puissance et le polycristalin.\" \/>\n<meta name=\"robots\" content=\"index, follow, max-snippet:-1, max-image-preview:large, max-video-preview:-1\" \/>\n<link rel=\"canonical\" href=\"https:\/\/rheconcept.net\/index.php\/panneaux\/\" \/>\n<meta property=\"og:locale\" content=\"en_US\" \/>\n<meta property=\"og:type\" content=\"article\" \/>\n<meta property=\"og:title\" content=\"Panneaux\" \/>\n<meta property=\"og:description\" content=\"Nous fournissons des panneaux solaires en deux technologies. Les couches minces pour petites puissance et le polycristalin.\" \/>\n<meta property=\"og:url\" content=\"https:\/\/rheconcept.net\/index.php\/panneaux\/\" \/>\n<meta property=\"og:site_name\" content=\"Vos solutions solaires efficaces\" \/>\n<meta property=\"article:modified_time\" content=\"2023-08-23T11:24:27+00:00\" \/>\n<meta property=\"og:image\" content=\"https:\/\/rheconcept.net\/wp-content\/uploads\/2023\/02\/Panneaux-solaires-2023.png\" \/>\n\t<meta property=\"og:image:width\" content=\"1280\" \/>\n\t<meta property=\"og:image:height\" content=\"720\" \/>\n\t<meta property=\"og:image:type\" content=\"image\/png\" \/>\n<meta name=\"twitter:card\" content=\"summary_large_image\" \/>\n<meta name=\"twitter:label1\" content=\"Est. reading time\" \/>\n\t<meta name=\"twitter:data1\" content=\"2 minutes\" \/>\n<script type=\"application\/ld+json\" class=\"yoast-schema-graph\">{\"@context\":\"https:\/\/schema.org\",\"@graph\":[{\"@type\":\"WebPage\",\"@id\":\"https:\/\/rheconcept.net\/index.php\/panneaux\/\",\"url\":\"https:\/\/rheconcept.net\/index.php\/panneaux\/\",\"name\":\"Panneaux - Vos solutions solaires efficaces\",\"isPartOf\":{\"@id\":\"https:\/\/rheconcept.net\/#website\"},\"primaryImageOfPage\":{\"@id\":\"https:\/\/rheconcept.net\/index.php\/panneaux\/#primaryimage\"},\"image\":{\"@id\":\"https:\/\/rheconcept.net\/index.php\/panneaux\/#primaryimage\"},\"thumbnailUrl\":\"https:\/\/rheconcept.net\/wp-content\/uploads\/2023\/02\/Panneaux-solaires-2023.png\",\"datePublished\":\"2023-02-02T10:26:57+00:00\",\"dateModified\":\"2023-08-23T11:24:27+00:00\",\"description\":\"Nous fournissons des panneaux solaires en deux technologies. Les couches minces pour petites puissance et le polycristalin.\",\"breadcrumb\":{\"@id\":\"https:\/\/rheconcept.net\/index.php\/panneaux\/#breadcrumb\"},\"inLanguage\":\"en-US\",\"potentialAction\":[{\"@type\":\"ReadAction\",\"target\":[\"https:\/\/rheconcept.net\/index.php\/panneaux\/\"]}]},{\"@type\":\"ImageObject\",\"inLanguage\":\"en-US\",\"@id\":\"https:\/\/rheconcept.net\/index.php\/panneaux\/#primaryimage\",\"url\":\"https:\/\/rheconcept.net\/wp-content\/uploads\/2023\/02\/Panneaux-solaires-2023.png\",\"contentUrl\":\"https:\/\/rheconcept.net\/wp-content\/uploads\/2023\/02\/Panneaux-solaires-2023.png\",\"width\":1280,\"height\":720,\"caption\":\"Panneaux solaires\"},{\"@type\":\"BreadcrumbList\",\"@id\":\"https:\/\/rheconcept.net\/index.php\/panneaux\/#breadcrumb\",\"itemListElement\":[{\"@type\":\"ListItem\",\"position\":1,\"name\":\"Home\",\"item\":\"https:\/\/rheconcept.net\/\"},{\"@type\":\"ListItem\",\"position\":2,\"name\":\"Panneaux\"}]},{\"@type\":\"WebSite\",\"@id\":\"https:\/\/rheconcept.net\/#website\",\"url\":\"https:\/\/rheconcept.net\/\",\"name\":\"Vos solutions solaires efficaces\",\"description\":\"www.rheconcept.net \",\"publisher\":{\"@id\":\"https:\/\/rheconcept.net\/#organization\"},\"potentialAction\":[{\"@type\":\"SearchAction\",\"target\":{\"@type\":\"EntryPoint\",\"urlTemplate\":\"https:\/\/rheconcept.net\/?s={search_term_string}\"},\"query-input\":\"required name=search_term_string\"}],\"inLanguage\":\"en-US\"},{\"@type\":\"Organization\",\"@id\":\"https:\/\/rheconcept.net\/#organization\",\"name\":\"Vos solutions solaires efficaces\",\"url\":\"https:\/\/rheconcept.net\/\",\"logo\":{\"@type\":\"ImageObject\",\"inLanguage\":\"en-US\",\"@id\":\"https:\/\/rheconcept.net\/#\/schema\/logo\/image\/\",\"url\":\"https:\/\/rheconcept.net\/wp-content\/uploads\/2023\/01\/Logo-2023-e1675518705647.png\",\"contentUrl\":\"https:\/\/rheconcept.net\/wp-content\/uploads\/2023\/01\/Logo-2023-e1675518705647.png\",\"width\":65,\"height\":67,\"caption\":\"Vos solutions solaires efficaces\"},\"image\":{\"@id\":\"https:\/\/rheconcept.net\/#\/schema\/logo\/image\/\"},\"sameAs\":[\"https:\/\/www.youtube.com\"]}]}<\/script>\n<!-- \/ Yoast SEO Premium plugin. -->","yoast_head_json":{"title":"Panneaux - Vos solutions solaires efficaces","description":"Nous fournissons des panneaux solaires en deux technologies. Les couches minces pour petites puissance et le polycristalin.","robots":{"index":"index","follow":"follow","max-snippet":"max-snippet:-1","max-image-preview":"max-image-preview:large","max-video-preview":"max-video-preview:-1"},"canonical":"https:\/\/rheconcept.net\/index.php\/panneaux\/","og_locale":"en_US","og_type":"article","og_title":"Panneaux","og_description":"Nous fournissons des panneaux solaires en deux technologies. Les couches minces pour petites puissance et le polycristalin.","og_url":"https:\/\/rheconcept.net\/index.php\/panneaux\/","og_site_name":"Vos solutions solaires efficaces","article_modified_time":"2023-08-23T11:24:27+00:00","og_image":[{"width":1280,"height":720,"url":"https:\/\/rheconcept.net\/wp-content\/uploads\/2023\/02\/Panneaux-solaires-2023.png","type":"image\/png"}],"twitter_card":"summary_large_image","twitter_misc":{"Est. reading time":"2 minutes"},"schema":{"@context":"https:\/\/schema.org","@graph":[{"@type":"WebPage","@id":"https:\/\/rheconcept.net\/index.php\/panneaux\/","url":"https:\/\/rheconcept.net\/index.php\/panneaux\/","name":"Panneaux - Vos solutions solaires efficaces","isPartOf":{"@id":"https:\/\/rheconcept.net\/#website"},"primaryImageOfPage":{"@id":"https:\/\/rheconcept.net\/index.php\/panneaux\/#primaryimage"},"image":{"@id":"https:\/\/rheconcept.net\/index.php\/panneaux\/#primaryimage"},"thumbnailUrl":"https:\/\/rheconcept.net\/wp-content\/uploads\/2023\/02\/Panneaux-solaires-2023.png","datePublished":"2023-02-02T10:26:57+00:00","dateModified":"2023-08-23T11:24:27+00:00","description":"Nous fournissons des panneaux solaires en deux technologies. Les couches minces pour petites puissance et le polycristalin.","breadcrumb":{"@id":"https:\/\/rheconcept.net\/index.php\/panneaux\/#breadcrumb"},"inLanguage":"en-US","potentialAction":[{"@type":"ReadAction","target":["https:\/\/rheconcept.net\/index.php\/panneaux\/"]}]},{"@type":"ImageObject","inLanguage":"en-US","@id":"https:\/\/rheconcept.net\/index.php\/panneaux\/#primaryimage","url":"https:\/\/rheconcept.net\/wp-content\/uploads\/2023\/02\/Panneaux-solaires-2023.png","contentUrl":"https:\/\/rheconcept.net\/wp-content\/uploads\/2023\/02\/Panneaux-solaires-2023.png","width":1280,"height":720,"caption":"Panneaux solaires"},{"@type":"BreadcrumbList","@id":"https:\/\/rheconcept.net\/index.php\/panneaux\/#breadcrumb","itemListElement":[{"@type":"ListItem","position":1,"name":"Home","item":"https:\/\/rheconcept.net\/"},{"@type":"ListItem","position":2,"name":"Panneaux"}]},{"@type":"WebSite","@id":"https:\/\/rheconcept.net\/#website","url":"https:\/\/rheconcept.net\/","name":"Vos solutions solaires efficaces","description":"www.rheconcept.net ","publisher":{"@id":"https:\/\/rheconcept.net\/#organization"},"potentialAction":[{"@type":"SearchAction","target":{"@type":"EntryPoint","urlTemplate":"https:\/\/rheconcept.net\/?s={search_term_string}"},"query-input":"required name=search_term_string"}],"inLanguage":"en-US"},{"@type":"Organization","@id":"https:\/\/rheconcept.net\/#organization","name":"Vos solutions solaires efficaces","url":"https:\/\/rheconcept.net\/","logo":{"@type":"ImageObject","inLanguage":"en-US","@id":"https:\/\/rheconcept.net\/#\/schema\/logo\/image\/","url":"https:\/\/rheconcept.net\/wp-content\/uploads\/2023\/01\/Logo-2023-e1675518705647.png","contentUrl":"https:\/\/rheconcept.net\/wp-content\/uploads\/2023\/01\/Logo-2023-e1675518705647.png","width":65,"height":67,"caption":"Vos solutions solaires efficaces"},"image":{"@id":"https:\/\/rheconcept.net\/#\/schema\/logo\/image\/"},"sameAs":["https:\/\/www.youtube.com"]}]}},"_links":{"self":[{"href":"https:\/\/rheconcept.net\/index.php\/wp-json\/wp\/v2\/pages\/272"}],"collection":[{"href":"https:\/\/rheconcept.net\/index.php\/wp-json\/wp\/v2\/pages"}],"about":[{"href":"https:\/\/rheconcept.net\/index.php\/wp-json\/wp\/v2\/types\/page"}],"author":[{"embeddable":true,"href":"https:\/\/rheconcept.net\/index.php\/wp-json\/wp\/v2\/users\/1"}],"replies":[{"embeddable":true,"href":"https:\/\/rheconcept.net\/index.php\/wp-json\/wp\/v2\/comments?post=272"}],"version-history":[{"count":21,"href":"https:\/\/rheconcept.net\/index.php\/wp-json\/wp\/v2\/pages\/272\/revisions"}],"predecessor-version":[{"id":923,"href":"https:\/\/rheconcept.net\/index.php\/wp-json\/wp\/v2\/pages\/272\/revisions\/923"}],"wp:featuredmedia":[{"embeddable":true,"href":"https:\/\/rheconcept.net\/index.php\/wp-json\/wp\/v2\/media\/433"}],"wp:attachment":[{"href":"https:\/\/rheconcept.net\/index.php\/wp-json\/wp\/v2\/media?parent=272"}],"curies":[{"name":"wp","href":"https:\/\/api.w.org\/{rel}","templated":true}]}}